{"id":115,"date":"2021-03-31T09:32:10","date_gmt":"2021-03-31T14:32:10","guid":{"rendered":"https:\/\/masqueyoga.com\/reservas\/?page_id=115"},"modified":"2021-11-25T15:48:03","modified_gmt":"2021-11-25T20:48:03","slug":"politicas-y-condiciones-de-mas-que-yoga","status":"publish","type":"page","link":"https:\/\/masqueyoga.com\/reservas\/politicas-y-condiciones-de-mas-que-yoga\/","title":{"rendered":"Pol\u00edticas y Condiciones de M\u00e1s que Yoga"},"content":{"rendered":"<p>[vc_row full_width=\u00bbstretch_row\u00bb css=\u00bb.vc_custom_1617120830979{margin-top: -40px !important;background-color: #fce2e1 !important;}\u00bb mobile_bg_img_hidden=\u00bbno\u00bb tablet_bg_img_hidden=\u00bbno\u00bb woodmart_parallax=\u00bb0&#8243; woodmart_gradient_switch=\u00bbno\u00bb row_reverse_mobile=\u00bb0&#8243; row_reverse_tablet=\u00bb0&#8243; woodmart_disable_overflow=\u00bb0&#8243;][vc_column css=\u00bb.vc_custom_1617134442800{padding-top: 20px !important;padding-bottom: 0px !important;}\u00bb mobile_bg_img_hidden=\u00bbno\u00bb tablet_bg_img_hidden=\u00bbno\u00bb woodmart_parallax=\u00bb0&#8243; woodmart_sticky_column=\u00bbfalse\u00bb parallax_scroll=\u00bbno\u00bb mobile_reset_margin=\u00bbno\u00bb tablet_reset_margin=\u00bbno\u00bb][vc_row_inner][vc_column_inner width=\u00bb1\/4&#8243;][\/vc_column_inner][vc_column_inner width=\u00bb1\/2&#8243;][vc_custom_heading text=\u00bbPol\u00edticas y Condiciones de M\u00e1s que Yoga\u00bb font_container=\u00bbtag:h2|font_size:20px|text_align:center|color:%237a9c9c|line_height:25px\u00bb use_theme_fonts=\u00bbyes\u00bb][\/vc_column_inner][vc_column_inner width=\u00bb1\/4&#8243;][\/vc_column_inner][\/vc_row_inner][\/vc_column][\/vc_row][vc_row full_width=\u00bbstretch_row\u00bb mobile_bg_img_hidden=\u00bbno\u00bb tablet_bg_img_hidden=\u00bbno\u00bb woodmart_parallax=\u00bb0&#8243; woodmart_gradient_switch=\u00bbno\u00bb row_reverse_mobile=\u00bb0&#8243; row_reverse_tablet=\u00bb0&#8243; woodmart_disable_overflow=\u00bb0&#8243;][vc_column][vc_column_text text_larger=\u00bbno\u00bb]<\/p>\n<h3>Reservaci\u00f3n de clases:<\/h3>\n<p>1. Para asistir a clases tanto presenciales como virtuales debes haber reservado tu cupo.<br \/>\n2. Puedes reservar con 2 horas de anticipaci\u00f3n.<br \/>\n3. Debes cancelar tu clase con 4 horas de anticipaci\u00f3n, de no ser as\u00ed, tu clase ser\u00e1 descontada de tu plan de clases y si tienes suscripci\u00f3n de mes ilimitado se descuentan dos d\u00edas de tu plan.<br \/>\n4. Debes llegar puntual a tu clase, a los 15 minutos de haber empezado se cierra la puerta.<br \/>\n5. Evita llegar mucho antes de tu clase para evitar interrupciones, aglomeraciones y para dar tiempo de desinfectar el espacio y garantizar tu bioseguridad.<br \/>\n6. Debes asistir obligatoriamente con tapabocas y utilizarlo de la manera correcta. Recuerda retirarte los zapatos antes de entrar a la sala.<br \/>\n7. Debes mantener tu tel\u00e9fono en silencio durante la clase.<br \/>\n8. Si tienes s\u00edntomas de enfermedad no acudas a la clase, elige descansar.<br \/>\n9. Debes traer obligatoriamente un tapete de Yoga, esterilla, aislante o toalla para colocar sobre nuestras colchonetas.<br \/>\n10. Lavas tus manos, desinfecta tu espacio antes y despu\u00e9s de la pr\u00e1ctica con los productos de higiene que te ofrecemos en la sala.<\/p>\n<h3>Pagos y suscripciones:<\/h3>\n<p>1. Toda clase de servicio adquirido debe ser abonado con antelaci\u00f3n.<br \/>\n2. Los pagos no ser\u00e1n reembolsables ni transferibles a terceros.<br \/>\n3. La suscripci\u00f3n entra en vigencia a partir de la primera clase que asistas.<br \/>\n4. Se podr\u00e1 realizar el congelamiento de la suscripci\u00f3n por un plazo no mayor a 7 d\u00edas continuos. Debes notificarlo al correo masqueyogaadmon@gmail.com o al tel\u00e9fono 3028685243.<br \/>\n5. La vigencia de las tiqueteras de clases es de 2 meses.<br \/>\n6. La semana de introducci\u00f3n es v\u00e1lida s\u00f3lo para alumnos nuevos y una vez utilizada no se puede repetir, si deseas continuar con una suscripci\u00f3n de clases el valor de la semana de introducci\u00f3n ser\u00e1 abonado al plan que elijas. En la semana de introducci\u00f3n podr\u00e1s hacer todas las clases presenciales y virtuales que desees durante 7 d\u00edas continuos.<br \/>\n7. Todo alumno de M\u00e1s que Yoga debe completar el formulario de inscripci\u00f3n y firmar el descargo de responsabilidad.<\/p>\n<h3>Recomendaciones para las clases de A\u00e9reo\u00ae:<\/h3>\n<p>1. Evita comer 3 horas antes de las clases.<br \/>\n2. Es posible que experimentes un poco de mareo luego de las clases de A\u00e9reo\u00ae, es normal mientras te acostumbras a las posturas invertidas.<br \/>\n3. Es necesario que nos informes sobre estados de salud, enfermedades o lesiones relevantes.<br \/>\n4. Evita acudir a clases de A\u00e9reo\u00ae cuando est\u00e9s en los primeros d\u00edas de tu menstruaci\u00f3n.<\/p>\n<h3>Servicios:<\/h3>\n<p>1. El centro comercial cuenta con parqueadero para carros, motos y bicicletas, (bien aseguradas con candado), M\u00e1s que Yoga no se hace responsable de objetos perdidos o robados dentro del local ni en la zona del parqueadero.<\/p>\n<p>2. Contamos con ba\u00f1o interno en la sala y cub\u00edculos para que guardes tus pertenencias en ellos.[\/vc_column_text][\/vc_column][\/vc_row]<\/p>\n","protected":false},"excerpt":{"rendered":"<p>[vc_row full_width=\u00bbstretch_row\u00bb css=\u00bb.vc_custom_1617120830979{margin-top: -40px !important;background-color: #fce2e1 !important;}\u00bb mobile_bg_img_hidden=\u00bbno\u00bb tablet_bg_img_hidden=\u00bbno\u00bb woodmart_parallax=\u00bb0&#8243; woodmart_gradient_switch=\u00bbno\u00bb row_reverse_mobile=\u00bb0&#8243; row_reverse_tablet=\u00bb0&#8243; woodmart_disable_overflow=\u00bb0&#8243;][vc_column css=\u00bb.vc_custom_1617134442800{padding-top: 20px !important;padding-bottom: 0px !important;}\u00bb mobile_bg_img_hidden=\u00bbno\u00bb<\/p>\n","protected":false},"author":2,"featured_media":0,"parent":0,"menu_order":0,"comment_status":"closed","ping_status":"closed","template":"","meta":{"footnotes":""},"class_list":["post-115","page","type-page","status-publish","hentry"],"_links":{"self":[{"href":"https:\/\/masqueyoga.com\/reservas\/wp-json\/wp\/v2\/pages\/115","targetHints":{"allow":["GET"]}}],"collection":[{"href":"https:\/\/masqueyoga.com\/reservas\/wp-json\/wp\/v2\/pages"}],"about":[{"href":"https:\/\/masqueyoga.com\/reservas\/wp-json\/wp\/v2\/types\/page"}],"author":[{"embeddable":true,"href":"https:\/\/masqueyoga.com\/reservas\/wp-json\/wp\/v2\/users\/2"}],"replies":[{"embeddable":true,"href":"https:\/\/masqueyoga.com\/reservas\/wp-json\/wp\/v2\/comments?post=115"}],"version-history":[{"count":6,"href":"https:\/\/masqueyoga.com\/reservas\/wp-json\/wp\/v2\/pages\/115\/revisions"}],"predecessor-version":[{"id":6476,"href":"https:\/\/masqueyoga.com\/reservas\/wp-json\/wp\/v2\/pages\/115\/revisions\/6476"}],"wp:attachment":[{"href":"https:\/\/masqueyoga.com\/reservas\/wp-json\/wp\/v2\/media?parent=115"}],"curies":[{"name":"wp","href":"https:\/\/api.w.org\/{rel}","templated":true}]}}